{"id":1168,"date":"2022-08-30T12:31:38","date_gmt":"2022-08-30T12:31:38","guid":{"rendered":"http:\/\/190.168.5.116\/webdoctoradofilosofia\/?page_id=1168"},"modified":"2023-07-04T00:59:55","modified_gmt":"2023-07-04T00:59:55","slug":"admision","status":"publish","type":"page","link":"http:\/\/190.168.5.116\/webdoctoradofilosofia\/admision\/","title":{"rendered":"Admisi\u00f3n"},"content":{"rendered":"\t\t<div data-elementor-type=\"wp-post\" data-elementor-id=\"1168\" class=\"elementor elementor-1168\">\n\t\t\t\t\t\t<section class=\"elementor-section elementor-top-section elementor-element elementor-element-771eca3 elementor-section-content-middle elementor-section-boxed elementor-section-height-default elementor-section-height-default\" data-id=\"771eca3\" data-element_type=\"section\" data-settings=\"{&quot;background_background&quot;:&quot;classic&quot;}\">\n\t\t\t\t\t\t\t<div class=\"elementor-background-overlay\"><\/div>\n\t\t\t\t\t\t\t<div class=\"elementor-container elementor-column-gap-no\">\n\t\t\t\t\t<div class=\"elementor-column elementor-col-100 elementor-top-column elementor-element elementor-element-f073450\" data-id=\"f073450\" data-element_type=\"column\">\n\t\t\t<div class=\"elementor-widget-wrap elementor-element-populated\">\n\t\t\t\t\t\t<section class=\"elementor-section elementor-inner-section elementor-element elementor-element-d533aea elementor-section-boxed elementor-section-height-default elementor-section-height-default\" data-id=\"d533aea\" data-element_type=\"section\">\n\t\t\t\t\t\t<div class=\"elementor-container elementor-column-gap-default\">\n\t\t\t\t\t<div class=\"elementor-column elementor-col-50 elementor-inner-column elementor-element elementor-element-f9c921b\" data-id=\"f9c921b\" data-element_type=\"column\">\n\t\t\t<div class=\"elementor-widget-wrap elementor-element-populated\">\n\t\t\t\t\t\t<div class=\"elementor-element elementor-element-0710105 elementor-widget elementor-widget-heading\" data-id=\"0710105\" data-element_type=\"widget\" data-widget_type=\"heading.default\">\n\t\t\t\t<div class=\"elementor-widget-container\">\n\t\t\t\t\t<h1 class=\"elementor-heading-title elementor-size-default\">Admisi\u00f3n<\/h1>\t\t\t\t<\/div>\n\t\t\t\t<\/div>\n\t\t\t\t\t<\/div>\n\t\t<\/div>\n\t\t\t\t<div class=\"elementor-column elementor-col-50 elementor-inner-column elementor-element elementor-element-0a583de\" data-id=\"0a583de\" data-element_type=\"column\">\n\t\t\t<div class=\"elementor-widget-wrap elementor-element-populated\">\n\t\t\t\t\t\t<div class=\"elementor-element elementor-element-648d10d elementor-widget elementor-widget-image\" data-id=\"648d10d\" data-element_type=\"widget\" data-widget_type=\"image.default\">\n\t\t\t\t<div class=\"elementor-widget-container\">\n\t\t\t\t\t\t\t\t\t\t\t\t\t\t\t\t<a href=\"http:\/\/www.ula.ve\/\">\n\t\t\t\t\t\t\t<img decoding=\"async\" src=\"http:\/\/190.168.5.116\/webdoctoradofilosofia\/wp-content\/uploads\/elementor\/thumbs\/ula_logo1-purw83sae5niypbmy956cef1yle1fnxpmonvnsluss.png\" title=\"ula_logo1\" alt=\"ula_logo1\" loading=\"lazy\" \/>\t\t\t\t\t\t\t\t<\/a>\n\t\t\t\t\t\t\t\t\t\t\t\t\t\t\t<\/div>\n\t\t\t\t<\/div>\n\t\t\t\t\t<\/div>\n\t\t<\/div>\n\t\t\t\t\t<\/div>\n\t\t<\/section>\n\t\t\t\t\t<\/div>\n\t\t<\/div>\n\t\t\t\t\t<\/div>\n\t\t<\/section>\n\t\t\t\t<section class=\"elementor-section elementor-top-section elementor-element elementor-element-6785f070 elementor-section-content-middle elementor-section-boxed elementor-section-height-default elementor-section-height-default\" data-id=\"6785f070\" data-element_type=\"section\" data-settings=\"{&quot;background_background&quot;:&quot;classic&quot;}\">\n\t\t\t\t\t\t<div class=\"elementor-container elementor-column-gap-no\">\n\t\t\t\t\t<div class=\"elementor-column elementor-col-100 elementor-top-column elementor-element elementor-element-236a079\" data-id=\"236a079\" data-element_type=\"column\">\n\t\t\t<div class=\"elementor-widget-wrap elementor-element-populated\">\n\t\t\t\t\t\t<div class=\"elementor-element elementor-element-0205074 elementor-widget elementor-widget-heading\" data-id=\"0205074\" data-element_type=\"widget\" data-widget_type=\"heading.default\">\n\t\t\t\t<div class=\"elementor-widget-container\">\n\t\t\t\t\t<h4 class=\"elementor-heading-title elementor-size-default\">Requisitos de admisi\u00f3n<\/h4>\t\t\t\t<\/div>\n\t\t\t\t<\/div>\n\t\t\t\t<div class=\"elementor-element elementor-element-b85f895 elementor-widget elementor-widget-text-editor\" data-id=\"b85f895\" data-element_type=\"widget\" data-widget_type=\"text-editor.default\">\n\t\t\t\t<div class=\"elementor-widget-container\">\n\t\t\t\t\t\t\t\t\t<ul><li>Poseer t\u00edtulo universitario de tercer nivel, equivalente a licenciatura.<\/li><li><span style=\"letter-spacing: -0.2px;\">Poseer t\u00edtulo de maestr\u00eda.\u00a0<\/span><\/li><li>Realizar una entrevista on line con el Consejo Directivo o con los profesores designados por \u00e9ste, en la que se evaluar\u00e1 la capacidad del aspirante para la realizaci\u00f3n de una labor intelectual independiente y creativa en el \u00e1rea del programa.<\/li><li><span style=\"font-style: inherit; font-weight: inherit; letter-spacing: -0.2px; background-color: var( --e-global-color-astglobalcolor5 );\">Escribir un ensayo de tres p\u00e1ginas en el que desarrolle y analice un tema filos\u00f3fico de su inter\u00e9s. El tema desarrollado debe estar incluido dentro de las tem\u00e1ticas de las l\u00edneas de investigaci\u00f3n del doctorado y en \u00e9l debe mostrar capacidad cr\u00edtica y anal\u00edtica, as\u00ed como el manejo te\u00f3rico y metodol\u00f3gico requerido para la investigaci\u00f3n en el \u00e1rea de filosof\u00eda.<\/span><\/li><li>Durante el desarrollo del programa el aspirante debe demostrar el manejo instrumental del idioma propio del autor sobre el que versa su tesis e igualmente debe demostrar el manejo instrumental del idioma ingles.<\/li><li>Presentar solicitud de ingreso acompa\u00f1ada de la documentaci\u00f3n requerida.<br \/><br \/><\/li><\/ul>\t\t\t\t\t\t\t\t<\/div>\n\t\t\t\t<\/div>\n\t\t\t\t<div class=\"elementor-element elementor-element-f5cb099 elementor-widget elementor-widget-heading\" data-id=\"f5cb099\" data-element_type=\"widget\" data-widget_type=\"heading.default\">\n\t\t\t\t<div class=\"elementor-widget-container\">\n\t\t\t\t\t<h4 class=\"elementor-heading-title elementor-size-default\">Documentos a consignar para la inscripci\u00f3n: <\/h4>\t\t\t\t<\/div>\n\t\t\t\t<\/div>\n\t\t\t\t<div class=\"elementor-element elementor-element-bd0cd4f elementor-widget elementor-widget-text-editor\" data-id=\"bd0cd4f\" data-element_type=\"widget\" data-widget_type=\"text-editor.default\">\n\t\t\t\t<div class=\"elementor-widget-container\">\n\t\t\t\t\t\t\t\t\t<ul style=\"font-size: 18px; font-style: normal; font-weight: 400; margin-bottom: 1.5em; margin-left: 3em; letter-spacing: -0.2px;\"><li>Solicitud de ingreso. <a href=\"http:\/\/190.168.5.116\/webdoctoradofilosofia\/wp-content\/uploads\/2023\/02\/PLANILLA-ADMISION-CEP.docx\">PLANILLA ADMISION CEP<\/a><\/li><li>Copia de t\u00edtulo de licenciatura o equivalente.<\/li><li>Copia de las notas obtenidas en la licenciatura o equivalente.<\/li><li>Copia de los t\u00edtulos de postgrado.<\/li><li>Copia de notas obtenidas en el postgrado.<\/li><li>Copia de documentos de identidad (pasaporte, c\u00e9dula de identidad, etc.)<\/li><li>Copia de certificado o partida de nacimiento.<\/li><li><span style=\"font-style: inherit; font-weight: inherit; letter-spacing: -0.2px; background-color: var( --e-global-color-astglobalcolor5 );\">Foto tipo pasaporte.<\/span><\/li><li>Resumen curricular. (La mayor\u00eda de los solicitantes eligen presentar un documento de una o dos p\u00e1ginas que destaque sus logros acad\u00e9micos y cualquier experiencia profesional relevante).<\/li><li>Texto del ensayo de tres p\u00e1ginas que se menciona en los requisitos de admisi\u00f3n.<\/li><\/ul><p>\u00a0 \u00a0 \u00a0 \u00a0\u2666 Para el proceso de preinscripci\u00f3n el aspirante enviar\u00e1 copia digital de sus t\u00edtulos, notas, documentos de identidad (c\u00e9dula, pasaporte, etc.), certificado de nacimiento y fotograf\u00eda a doctoradodefilosofia@ula.ve<\/p><p>\u00a0 \u00a0 \u00a0 \u2666 Posteriormente, para el momento de formalizar su inscripci\u00f3n, el aspirante deber\u00e1 consignar personalmente o v\u00eda postal, certificaciones originales de sus t\u00edtulos y notas y del certificado de nacimiento,\u00a0<span style=\"letter-spacing: -0.2px; background-color: var( --e-global-color-astglobalcolor5 );\">\u00a0<\/span><span style=\"letter-spacing: -0.2px; background-color: var( --e-global-color-astglobalcolor5 );\">fotograf\u00edas fondo negro de los t\u00edtulos de licenciatura y de postgrado,<\/span><span style=\"font-style: inherit; font-weight: inherit; letter-spacing: -0.2px; background-color: var( --e-global-color-astglobalcolor5 );\">\u00a0y cuatro fotograf\u00edas tipo pasaporte. Los estudiantes extranjeros deberan tramitar VISA de estudiante en un consulado venezolano.\u00a0<\/span><\/p><p>Escanee los documentos necesarios, personales y acad\u00e9micos, y adj\u00fantelos a la solicitud. Los documentos se adjuntan en formato .pdf, .jpg o .doc\u00a0<\/p><ul style=\"font-size: 18px; font-style: normal; font-weight: 400; margin-bottom: 1.5em; margin-left: 3em; letter-spacing: -0.2px;\"><li style=\"font-size: 18px;\">Los documentos deben nombrarse de la siguiente manera: Apellido, inicial del primer nombre, inicial del segundo nombre. Nombre del documento (T\u00edtulo 1, T\u00edtulo 2, Notas 1, Notas 2, Pasaporte, C\u00e9dula de Identidad, Curr\u00edculo, Ensayo, Referencia, etc.)<\/li><\/ul>\t\t\t\t\t\t\t\t<\/div>\n\t\t\t\t<\/div>\n\t\t\t\t\t<\/div>\n\t\t<\/div>\n\t\t\t\t\t<\/div>\n\t\t<\/section>\n\t\t\t\t<section class=\"elementor-section elementor-top-section elementor-element elementor-element-b5a75c1 elementor-section-boxed elementor-section-height-default elementor-section-height-default\" data-id=\"b5a75c1\" data-element_type=\"section\">\n\t\t\t\t\t\t<div class=\"elementor-container elementor-column-gap-default\">\n\t\t\t\t\t<div class=\"elementor-column elementor-col-100 elementor-top-column elementor-element elementor-element-060b0db\" data-id=\"060b0db\" data-element_type=\"column\">\n\t\t\t<div class=\"elementor-widget-wrap elementor-element-populated\">\n\t\t\t\t\t\t<section class=\"elementor-section elementor-inner-section elementor-element elementor-element-44d53fe elementor-section-boxed elementor-section-height-default elementor-section-height-default\" data-id=\"44d53fe\" data-element_type=\"section\">\n\t\t\t\t\t\t<div class=\"elementor-container elementor-column-gap-default\">\n\t\t\t\t\t<div class=\"elementor-column elementor-col-33 elementor-inner-column elementor-element elementor-element-c930db1\" data-id=\"c930db1\" data-element_type=\"column\">\n\t\t\t<div class=\"elementor-widget-wrap elementor-element-populated\">\n\t\t\t\t\t\t<div class=\"elementor-element elementor-element-c232489 elementor-widget elementor-widget-image\" data-id=\"c232489\" data-element_type=\"widget\" data-widget_type=\"image.default\">\n\t\t\t\t<div class=\"elementor-widget-container\">\n\t\t\t\t\t\t\t\t\t\t\t\t\t\t\t<img fetchpriority=\"high\" decoding=\"async\" width=\"810\" height=\"198\" src=\"http:\/\/190.168.5.116\/webdoctoradofilosofia\/wp-content\/uploads\/2022\/07\/buho.png\" class=\"attachment-large size-large wp-image-1055\" alt=\"\" srcset=\"http:\/\/190.168.5.116\/webdoctoradofilosofia\/wp-content\/uploads\/2022\/07\/buho.png 810w, http:\/\/190.168.5.116\/webdoctoradofilosofia\/wp-content\/uploads\/2022\/07\/buho-300x73.png 300w, http:\/\/190.168.5.116\/webdoctoradofilosofia\/wp-content\/uploads\/2022\/07\/buho-768x188.png 768w\" sizes=\"(max-width: 810px) 100vw, 810px\" \/>\t\t\t\t\t\t\t\t\t\t\t\t\t\t\t<\/div>\n\t\t\t\t<\/div>\n\t\t\t\t\t<\/div>\n\t\t<\/div>\n\t\t\t\t<div class=\"elementor-column elementor-col-33 elementor-inner-column elementor-element elementor-element-e79433d\" data-id=\"e79433d\" data-element_type=\"column\">\n\t\t\t<div class=\"elementor-widget-wrap elementor-element-populated\">\n\t\t\t\t\t\t<div class=\"elementor-element elementor-element-e7374b8 elementor-widget elementor-widget-image\" data-id=\"e7374b8\" data-element_type=\"widget\" data-widget_type=\"image.default\">\n\t\t\t\t<div class=\"elementor-widget-container\">\n\t\t\t\t\t\t\t\t\t\t\t\t\t\t\t<img decoding=\"async\" width=\"908\" height=\"196\" src=\"http:\/\/190.168.5.116\/webdoctoradofilosofia\/wp-content\/uploads\/2022\/05\/cropped-Facultad-de-Humanidades-y-Educacion.jpg\" class=\"attachment-large size-large wp-image-664\" alt=\"\" srcset=\"http:\/\/190.168.5.116\/webdoctoradofilosofia\/wp-content\/uploads\/2022\/05\/cropped-Facultad-de-Humanidades-y-Educacion.jpg 908w, http:\/\/190.168.5.116\/webdoctoradofilosofia\/wp-content\/uploads\/2022\/05\/cropped-Facultad-de-Humanidades-y-Educacion-300x65.jpg 300w, http:\/\/190.168.5.116\/webdoctoradofilosofia\/wp-content\/uploads\/2022\/05\/cropped-Facultad-de-Humanidades-y-Educacion-768x166.jpg 768w\" sizes=\"(max-width: 908px) 100vw, 908px\" \/>\t\t\t\t\t\t\t\t\t\t\t\t\t\t\t<\/div>\n\t\t\t\t<\/div>\n\t\t\t\t\t<\/div>\n\t\t<\/div>\n\t\t\t\t<div class=\"elementor-column elementor-col-33 elementor-inner-column elementor-element elementor-element-c9e21b9\" data-id=\"c9e21b9\" data-element_type=\"column\">\n\t\t\t<div class=\"elementor-widget-wrap elementor-element-populated\">\n\t\t\t\t\t\t<div class=\"elementor-element elementor-element-18f2566 elementor-widget elementor-widget-image\" data-id=\"18f2566\" data-element_type=\"widget\" data-widget_type=\"image.default\">\n\t\t\t\t<div class=\"elementor-widget-container\">\n\t\t\t\t\t\t\t\t\t\t\t\t\t\t\t<img decoding=\"async\" width=\"810\" height=\"198\" src=\"http:\/\/190.168.5.116\/webdoctoradofilosofia\/wp-content\/uploads\/2022\/07\/docto-1.png\" class=\"attachment-large size-large wp-image-1056\" alt=\"\" srcset=\"http:\/\/190.168.5.116\/webdoctoradofilosofia\/wp-content\/uploads\/2022\/07\/docto-1.png 810w, http:\/\/190.168.5.116\/webdoctoradofilosofia\/wp-content\/uploads\/2022\/07\/docto-1-300x73.png 300w, http:\/\/190.168.5.116\/webdoctoradofilosofia\/wp-content\/uploads\/2022\/07\/docto-1-768x188.png 768w\" sizes=\"(max-width: 810px) 100vw, 810px\" \/>\t\t\t\t\t\t\t\t\t\t\t\t\t\t\t<\/div>\n\t\t\t\t<\/div>\n\t\t\t\t\t<\/div>\n\t\t<\/div>\n\t\t\t\t\t<\/div>\n\t\t<\/section>\n\t\t\t\t\t<\/div>\n\t\t<\/div>\n\t\t\t\t\t<\/div>\n\t\t<\/section>\n\t\t\t\t<\/div>\n\t\t","protected":false},"excerpt":{"rendered":"<p>Admisi\u00f3n Requisitos de admisi\u00f3n Poseer t\u00edtulo universitario de tercer nivel, equivalente a licenciatura. Poseer t\u00edtulo de maestr\u00eda.\u00a0 Realizar una entrevista on line con el Consejo Directivo o con los profesores designados por \u00e9ste, en la que se evaluar\u00e1 la capacidad del aspirante para la realizaci\u00f3n de una labor intelectual independiente y creativa en el \u00e1rea &hellip;<\/p>\n<p class=\"read-more\"> <a class=\"\" href=\"http:\/\/190.168.5.116\/webdoctoradofilosofia\/admision\/\"> <span class=\"screen-reader-text\">Admisi\u00f3n<\/span> Leer m\u00e1s &raquo;<\/a><\/p>\n","protected":false},"author":1,"featured_media":0,"parent":0,"menu_order":0,"comment_status":"closed","ping_status":"closed","template":"","meta":{"site-sidebar-layout":"default","site-content-layout":"page-builder","ast-global-header-display":"","ast-main-header-display":"","ast-hfb-above-header-display":"","ast-hfb-below-header-display":"","ast-hfb-mobile-header-display":"","site-post-title":"disabled","ast-breadcrumbs-content":"","ast-featured-img":"disabled","footer-sml-layout":"","theme-transparent-header-meta":"enabled","adv-header-id-meta":"","stick-header-meta":"","header-above-stick-meta":"","header-main-stick-meta":"","header-below-stick-meta":"","footnotes":""},"class_list":["post-1168","page","type-page","status-publish","hentry"],"_links":{"self":[{"href":"http:\/\/190.168.5.116\/webdoctoradofilosofia\/wp-json\/wp\/v2\/pages\/1168","targetHints":{"allow":["GET"]}}],"collection":[{"href":"http:\/\/190.168.5.116\/webdoctoradofilosofia\/wp-json\/wp\/v2\/pages"}],"about":[{"href":"http:\/\/190.168.5.116\/webdoctoradofilosofia\/wp-json\/wp\/v2\/types\/page"}],"author":[{"embeddable":true,"href":"http:\/\/190.168.5.116\/webdoctoradofilosofia\/wp-json\/wp\/v2\/users\/1"}],"replies":[{"embeddable":true,"href":"http:\/\/190.168.5.116\/webdoctoradofilosofia\/wp-json\/wp\/v2\/comments?post=1168"}],"version-history":[{"count":94,"href":"http:\/\/190.168.5.116\/webdoctoradofilosofia\/wp-json\/wp\/v2\/pages\/1168\/revisions"}],"predecessor-version":[{"id":1842,"href":"http:\/\/190.168.5.116\/webdoctoradofilosofia\/wp-json\/wp\/v2\/pages\/1168\/revisions\/1842"}],"wp:attachment":[{"href":"http:\/\/190.168.5.116\/webdoctoradofilosofia\/wp-json\/wp\/v2\/media?parent=1168"}],"curies":[{"name":"wp","href":"https:\/\/api.w.org\/{rel}","templated":true}]}}