{"id":830,"date":"2022-07-28T11:33:36","date_gmt":"2022-07-28T11:33:36","guid":{"rendered":"http:\/\/190.168.5.116\/webdoctoradofilosofia\/?page_id=830"},"modified":"2022-07-28T11:46:20","modified_gmt":"2022-07-28T11:46:20","slug":"dr-david-de-los-reyes","status":"publish","type":"page","link":"http:\/\/190.168.5.116\/webdoctoradofilosofia\/dr-david-de-los-reyes\/","title":{"rendered":"DR DAVID DE LOS REYES"},"content":{"rendered":"\t\t<div data-elementor-type=\"wp-page\" data-elementor-id=\"830\" class=\"elementor elementor-830\">\n\t\t\t\t\t\t<section class=\"elementor-section elementor-top-section elementor-element elementor-element-c2f3f7c elementor-section-boxed elementor-section-height-default elementor-section-height-default\" data-id=\"c2f3f7c\" data-element_type=\"section\">\n\t\t\t\t\t\t<div class=\"elementor-container elementor-column-gap-default\">\n\t\t\t\t\t<div class=\"elementor-column elementor-col-100 elementor-top-column elementor-element elementor-element-c08b5b2\" data-id=\"c08b5b2\" data-element_type=\"column\">\n\t\t\t<div class=\"elementor-widget-wrap elementor-element-populated\">\n\t\t\t\t\t\t<section class=\"elementor-section elementor-inner-section elementor-element elementor-element-7f6f098 elementor-section-boxed elementor-section-height-default elementor-section-height-default\" data-id=\"7f6f098\" data-element_type=\"section\">\n\t\t\t\t\t\t<div class=\"elementor-container elementor-column-gap-default\">\n\t\t\t\t\t<div class=\"elementor-column elementor-col-50 elementor-inner-column elementor-element elementor-element-7494b5d\" data-id=\"7494b5d\" data-element_type=\"column\">\n\t\t\t<div class=\"elementor-widget-wrap elementor-element-populated\">\n\t\t\t\t\t\t<div class=\"elementor-element elementor-element-3a1c3b5 elementor-widget elementor-widget-image\" data-id=\"3a1c3b5\" data-element_type=\"widget\" data-widget_type=\"image.default\">\n\t\t\t\t<div class=\"elementor-widget-container\">\n\t\t\t\t\t\t\t\t\t\t\t\t\t\t\t<img fetchpriority=\"high\" decoding=\"async\" width=\"362\" height=\"448\" src=\"http:\/\/190.168.5.116\/webdoctoradofilosofia\/wp-content\/uploads\/2022\/07\/Dr.-David-De-los-Reyes-1.jpg\" class=\"attachment-large size-large wp-image-790\" alt=\"\" srcset=\"http:\/\/190.168.5.116\/webdoctoradofilosofia\/wp-content\/uploads\/2022\/07\/Dr.-David-De-los-Reyes-1.jpg 362w, http:\/\/190.168.5.116\/webdoctoradofilosofia\/wp-content\/uploads\/2022\/07\/Dr.-David-De-los-Reyes-1-242x300.jpg 242w\" sizes=\"(max-width: 362px) 100vw, 362px\" \/>\t\t\t\t\t\t\t\t\t\t\t\t\t\t\t<\/div>\n\t\t\t\t<\/div>\n\t\t\t\t\t<\/div>\n\t\t<\/div>\n\t\t\t\t<div class=\"elementor-column elementor-col-50 elementor-inner-column elementor-element elementor-element-cadbbd8\" data-id=\"cadbbd8\" data-element_type=\"column\">\n\t\t\t<div class=\"elementor-widget-wrap elementor-element-populated\">\n\t\t\t\t\t\t<div class=\"elementor-element elementor-element-60d17c7 elementor-widget elementor-widget-heading\" data-id=\"60d17c7\" data-element_type=\"widget\" data-widget_type=\"heading.default\">\n\t\t\t\t<div class=\"elementor-widget-container\">\n\t\t\t\t\t<h2 class=\"elementor-heading-title elementor-size-default\">DR DAVID DE LOS REYES<\/h2>\t\t\t\t<\/div>\n\t\t\t\t<\/div>\n\t\t\t\t<div class=\"elementor-element elementor-element-5323b17 elementor-widget elementor-widget-heading\" data-id=\"5323b17\" data-element_type=\"widget\" data-widget_type=\"heading.default\">\n\t\t\t\t<div class=\"elementor-widget-container\">\n\t\t\t\t\t<h4 class=\"elementor-heading-title elementor-size-default\">T\u00cdTULOS ACAD\u00c9MICOS<\/h4>\t\t\t\t<\/div>\n\t\t\t\t<\/div>\n\t\t\t\t<div class=\"elementor-element elementor-element-b33e85d elementor-widget elementor-widget-text-editor\" data-id=\"b33e85d\" data-element_type=\"widget\" data-widget_type=\"text-editor.default\">\n\t\t\t\t<div class=\"elementor-widget-container\">\n\t\t\t\t\t\t\t\t\t<ul><li>Licenciado en Filosof\u00eda. Universidad Central de Venezuela. 1981.<\/li><li>Master en Filosof\u00eda. Universidad Sim\u00f3n Bol\u00edvar de Venezuela. 1990.<\/li><li>Doctorado en Filosof\u00eda. Universidad Sim\u00f3n Bol\u00edvar, 1998.<\/li><li>Estudios y Trabajo Postdoctoral. Universidad Neuchatel, Suiza. 1998-2000<\/li><li>Estudios completos de m\u00fasica en el Conservatorio \u00abJuan \u00a0Jos\u00e9 Landaeta\u00bb, 1977<\/li><\/ul>\t\t\t\t\t\t\t\t<\/div>\n\t\t\t\t<\/div>\n\t\t\t\t<div class=\"elementor-element elementor-element-4feab04 elementor-widget elementor-widget-heading\" data-id=\"4feab04\" data-element_type=\"widget\" data-widget_type=\"heading.default\">\n\t\t\t\t<div class=\"elementor-widget-container\">\n\t\t\t\t\t<h4 class=\"elementor-heading-title elementor-size-default\">ACTIVIDADES DOCENTES DESEMPE\u00d1ADAS<\/h4>\t\t\t\t<\/div>\n\t\t\t\t<\/div>\n\t\t\t\t<div class=\"elementor-element elementor-element-c047771 elementor-widget elementor-widget-text-editor\" data-id=\"c047771\" data-element_type=\"widget\" data-widget_type=\"text-editor.default\">\n\t\t\t\t<div class=\"elementor-widget-container\">\n\t\t\t\t\t\t\t\t\t<p>Profesor de las siguientes asignaturas:<\/p><ul><li>Pensamiento filos\u00f3fico contempor\u00e1neo.<\/li><\/ul>\t\t\t\t\t\t\t\t<\/div>\n\t\t\t\t<\/div>\n\t\t\t\t\t<\/div>\n\t\t<\/div>\n\t\t\t\t\t<\/div>\n\t\t<\/section>\n\t\t\t\t<section class=\"elementor-section elementor-inner-section elementor-element elementor-element-ce86a03 elementor-section-boxed elementor-section-height-default elementor-section-height-default\" data-id=\"ce86a03\" data-element_type=\"section\">\n\t\t\t\t\t\t<div class=\"elementor-container elementor-column-gap-default\">\n\t\t\t\t\t<div class=\"elementor-column elementor-col-100 elementor-inner-column elementor-element elementor-element-9651fe1\" data-id=\"9651fe1\" data-element_type=\"column\">\n\t\t\t<div class=\"elementor-widget-wrap elementor-element-populated\">\n\t\t\t\t\t\t<div class=\"elementor-element elementor-element-77a6b4e elementor-widget elementor-widget-text-editor\" data-id=\"77a6b4e\" data-element_type=\"widget\" data-widget_type=\"text-editor.default\">\n\t\t\t\t<div class=\"elementor-widget-container\">\n\t\t\t\t\t\t\t\t\t<ul><li>Filosof\u00eda Moderna<\/li><li>\u00c9tica Social.<\/li><li>Est\u00e9tica y Filosof\u00eda de la m\u00fasica.<\/li><li>Para una Genealog\u00eda del dolor.<\/li><li>Filosof\u00eda de la Comunicaci\u00f3n<\/li><li>Globalizaci\u00f3n y Comunicaci\u00f3n.<\/li><li><span style=\"font-size: 16px;\">Genealog\u00eda de la Sexualidad<\/span><\/li><li><span style=\"font-size: 16px;\">Filosof\u00eda Pol\u00edtica: Una aproximaci\u00f3n al \u00a0Tirano en la Antig\u00fcedad cl\u00e1sica<\/span><\/li><li><span style=\"font-size: 16px;\">Filosof\u00eda Pol\u00edtica: J. J. Rousseau 300 a\u00f1os despu\u00e9s<\/span><\/li><li><span style=\"font-size: 16px;\">Fenomenolog\u00eda en Hegel<\/span><\/li><li>Genealog\u00eda de la risa y el humor en la filosof\u00eda<\/li><\/ul>\t\t\t\t\t\t\t\t<\/div>\n\t\t\t\t<\/div>\n\t\t\t\t<div class=\"elementor-element elementor-element-5d76b2b elementor-widget elementor-widget-heading\" data-id=\"5d76b2b\" data-element_type=\"widget\" data-widget_type=\"heading.default\">\n\t\t\t\t<div class=\"elementor-widget-container\">\n\t\t\t\t\t<h4 class=\"elementor-heading-title elementor-size-default\">CARGOS ACAD\u00c9MICOS ADMINISTRATIVOS<\/h4>\t\t\t\t<\/div>\n\t\t\t\t<\/div>\n\t\t\t\t<div class=\"elementor-element elementor-element-d5a9475 elementor-widget elementor-widget-text-editor\" data-id=\"d5a9475\" data-element_type=\"widget\" data-widget_type=\"text-editor.default\">\n\t\t\t\t<div class=\"elementor-widget-container\">\n\t\t\t\t\t\t\t\t\t<ul><li>Profesor Titular en la Universidad de las Artes, Guayaquil, Ecuador, 2016 (actual). Dpto. de Transversalidad.<\/li><li>Profesor Titular en la Universidad Central de Venezuela, 2008.<\/li><li>Director del Departamento de Ciencias Sociales de la Escuela de Comunicaci\u00f3n Social de la Universidad Central de Venezuela: enero 1997 a diciembre del 2001.<\/li><li>Profesor Maestr\u00eda y Doctorado en Filosof\u00eda del Postgrado de la Facultad de Humanidades y Educaci\u00f3n (FHE) de la UCV.2003-2007.<\/li><li>Coordinador del Doctorado en Humanidades de la FHE de la UCV y colaborador del Doctorado de Ciencias Sociales (Facultad de Ciencias Econ\u00f3micas y Sociales \u2013FACES-). 2004-08.<\/li><li>Profesor Investigador del Centro de Investigaciones Est\u00e9ticas del Doctorado en Filosof\u00eda de la Universidad de los Andes. M\u00e9rida. Venezuela. 2001-2014.<\/li><li>Profesor invitado por el Departamento de Humanidades de la Universidad Metropolitana. 1993-2014<\/li><\/ul>\t\t\t\t\t\t\t\t<\/div>\n\t\t\t\t<\/div>\n\t\t\t\t<div class=\"elementor-element elementor-element-ba110bc elementor-widget elementor-widget-heading\" data-id=\"ba110bc\" data-element_type=\"widget\" data-widget_type=\"heading.default\">\n\t\t\t\t<div class=\"elementor-widget-container\">\n\t\t\t\t\t<h4 class=\"elementor-heading-title elementor-size-default\">PUBLICACION DE LIBROS<\/h4>\t\t\t\t<\/div>\n\t\t\t\t<\/div>\n\t\t\t\t<div class=\"elementor-element elementor-element-9194076 elementor-widget elementor-widget-text-editor\" data-id=\"9194076\" data-element_type=\"widget\" data-widget_type=\"text-editor.default\">\n\t\t\t\t<div class=\"elementor-widget-container\">\n\t\t\t\t\t\t\t\t\t<ul><li>Medios, comunicaci\u00f3n y poder. Nuevas Fronteras. AA\/VV. David De los Reyes: Construyendo una filosof\u00eda de la comunicaci\u00f3n para los \u00bfnuevos? tiempos. Ed. UCV-Fundaci\u00f3n Carlos Eduardo Fr\u00edas. Caracas 1996.<\/li><li>Comunicaci\u00f3n, m\u00faltiples escenarios, diversas confrontaciones, AA\/VV. La Po\u00e9tica de la Lectura. David De los Reyes, Escuela de Comunicaci\u00f3n Social, UCV, Caracas 1996.<\/li><li>Comunicaci\u00f3n, m\u00faltiples escenarios, diversas confrontaciones. AA\/VV: Traducci\u00f3n del libro: La Televisi\u00f3n: un peligro para la democracia de Karl Popper. Ladrona del tiempo, sirviente infiel de John Coundry. Traducidos por David De los Reyes. ECS. UCV, Caracas 1996.<\/li><li>El calidoscopio medi\u00e1tico. Ed. Comala.com, Caracas abril 2001<\/li><li>Dios, Estado y Religi\u00f3n. Ed. Comala.com, Caracas, abril de 2002.<\/li><li>Sonidos y Pensamiento. AA\/VV. Nietzsche, m\u00fasica y filosof\u00eda. David De los Reyes. Comisi\u00f3n de Estudios Interdisciplinarios. UCV, Junio del 2002<\/li><li>El Espacio y su gesto. Ed. Comala.com, Caracas, junio de 2003.<\/li><li>El Concepto de Comunicaci\u00f3n en la Filosof\u00eda Moderna Venezolana. Libro electr\u00f3nico. Ed. Comunicaci\u00f3n &#8211; Centro Gumilla, Caracas, 2005.<\/li><li>Rompecabezas de una obra: Antonio Pascuali y su utop\u00eda comunicacional. Ediciones de la UCAB. Caracas 2009.<\/li><li>David de los Reyes y otros. Suite Hobbesiana. Cuatro Ensayos: Imaginaci\u00f3n, antropolog\u00eda, poder y religi\u00f3n. Fondo Editorial de Humanidades. UCV. Caracas 2009.<\/li><li>David de los Reyes y otros: Comunicaci\u00f3n y Pol\u00edtica: reflexiones inoportunas. En: Pensamiento Pol\u00edtico Contempor\u00e1neo, Ed. Porr\u00faa, M\u00e9xico 2011.<\/li><li><span style=\"font-size: 16px;\">David De los Reyes. Aproximaci\u00f3n a una Genealog\u00eda del Dolor. Ed. Unimet, Caracas, 2013-14<\/span><\/li><\/ul><p>Ha publicado m\u00faltiples art\u00edculos en Revistas Arbitradas a nivel nacional e internacional.<\/p><ul><li>De Tiranos. El Tirano e la filosof\u00eda de la Antigua Grecia. Ed. Amazon, Ecuador, 2020<\/li><li><span style=\"font-size: 16px;\">De Est\u00e9tica. Ensayos sobre est\u00e9tica, arte, virtualidad y naturaleza. Ed. Amazon. Ecuador, 2021.<\/span><\/li><\/ul>\t\t\t\t\t\t\t\t<\/div>\n\t\t\t\t<\/div>\n\t\t\t\t<div class=\"elementor-element elementor-element-b0aac8d elementor-widget elementor-widget-text-editor\" data-id=\"b0aac8d\" data-element_type=\"widget\" data-widget_type=\"text-editor.default\">\n\t\t\t\t<div class=\"elementor-widget-container\">\n\t\t\t\t\t\t\t\t\t<p>Tiene el Blog: <strong>Filosof\u00eda Cl\u00ednica<\/strong> <strong>UCV<\/strong> desde 2008 hasta la fecha actual: filosofiaclinicaucv.blogspot.com<\/p><p>\u00a0<\/p><p>Observaci\u00f3n: Adem\u00e1s de estos textos publicados tiene una larga lista de art\u00edculos y ensayos en revistas acad\u00e9micas arbitradas sobre diversas tem\u00e1ticas filos\u00f3ficas.<\/p><p>\u00a0<\/p>\t\t\t\t\t\t\t\t<\/div>\n\t\t\t\t<\/div>\n\t\t\t\t\t<\/div>\n\t\t<\/div>\n\t\t\t\t\t<\/div>\n\t\t<\/section>\n\t\t\t\t\t<\/div>\n\t\t<\/div>\n\t\t\t\t\t<\/div>\n\t\t<\/section>\n\t\t\t\t<\/div>\n\t\t","protected":false},"excerpt":{"rendered":"<p>DR DAVID DE LOS REYES T\u00cdTULOS ACAD\u00c9MICOS Licenciado en Filosof\u00eda. Universidad Central de Venezuela. 1981. Master en Filosof\u00eda. Universidad Sim\u00f3n Bol\u00edvar de Venezuela. 1990. Doctorado en Filosof\u00eda. Universidad Sim\u00f3n Bol\u00edvar, 1998. Estudios y Trabajo Postdoctoral. Universidad Neuchatel, Suiza. 1998-2000 Estudios completos de m\u00fasica en el Conservatorio \u00abJuan \u00a0Jos\u00e9 Landaeta\u00bb, 1977 ACTIVIDADES DOCENTES DESEMPE\u00d1ADAS Profesor de &hellip;<\/p>\n<p class=\"read-more\"> <a class=\"\" href=\"http:\/\/190.168.5.116\/webdoctoradofilosofia\/dr-david-de-los-reyes\/\"> <span class=\"screen-reader-text\">DR DAVID DE LOS REYES<\/span> Leer m\u00e1s &raquo;<\/a><\/p>\n","protected":false},"author":1,"featured_media":0,"parent":0,"menu_order":0,"comment_status":"closed","ping_status":"closed","template":"","meta":{"site-sidebar-layout":"no-sidebar","site-content-layout":"page-builder","ast-global-header-display":"","ast-main-header-display":"","ast-hfb-above-header-display":"","ast-hfb-below-header-display":"","ast-hfb-mobile-header-display":"","site-post-title":"disabled","ast-breadcrumbs-content":"","ast-featured-img":"disabled","footer-sml-layout":"","theme-transparent-header-meta":"","adv-header-id-meta":"","stick-header-meta":"","header-above-stick-meta":"","header-main-stick-meta":"","header-below-stick-meta":"","footnotes":""},"class_list":["post-830","page","type-page","status-publish","hentry"],"_links":{"self":[{"href":"http:\/\/190.168.5.116\/webdoctoradofilosofia\/wp-json\/wp\/v2\/pages\/830","targetHints":{"allow":["GET"]}}],"collection":[{"href":"http:\/\/190.168.5.116\/webdoctoradofilosofia\/wp-json\/wp\/v2\/pages"}],"about":[{"href":"http:\/\/190.168.5.116\/webdoctoradofilosofia\/wp-json\/wp\/v2\/types\/page"}],"author":[{"embeddable":true,"href":"http:\/\/190.168.5.116\/webdoctoradofilosofia\/wp-json\/wp\/v2\/users\/1"}],"replies":[{"embeddable":true,"href":"http:\/\/190.168.5.116\/webdoctoradofilosofia\/wp-json\/wp\/v2\/comments?post=830"}],"version-history":[{"count":10,"href":"http:\/\/190.168.5.116\/webdoctoradofilosofia\/wp-json\/wp\/v2\/pages\/830\/revisions"}],"predecessor-version":[{"id":841,"href":"http:\/\/190.168.5.116\/webdoctoradofilosofia\/wp-json\/wp\/v2\/pages\/830\/revisions\/841"}],"wp:attachment":[{"href":"http:\/\/190.168.5.116\/webdoctoradofilosofia\/wp-json\/wp\/v2\/media?parent=830"}],"curies":[{"name":"wp","href":"https:\/\/api.w.org\/{rel}","templated":true}]}}