{"id":848,"date":"2022-07-28T12:18:00","date_gmt":"2022-07-28T12:18:00","guid":{"rendered":"http:\/\/190.168.5.116\/webdoctoradofilosofia\/?page_id=848"},"modified":"2022-07-28T12:19:41","modified_gmt":"2022-07-28T12:19:41","slug":"dr-jorge-torres","status":"publish","type":"page","link":"http:\/\/190.168.5.116\/webdoctoradofilosofia\/dr-jorge-torres\/","title":{"rendered":"DR JORGE TORRES"},"content":{"rendered":"\t\t<div data-elementor-type=\"wp-page\" data-elementor-id=\"848\" class=\"elementor elementor-848\">\n\t\t\t\t\t\t<section class=\"elementor-section elementor-top-section elementor-element elementor-element-c2f3f7c elementor-section-boxed elementor-section-height-default elementor-section-height-default\" data-id=\"c2f3f7c\" data-element_type=\"section\">\n\t\t\t\t\t\t<div class=\"elementor-container elementor-column-gap-default\">\n\t\t\t\t\t<div class=\"elementor-column elementor-col-100 elementor-top-column elementor-element elementor-element-c08b5b2\" data-id=\"c08b5b2\" data-element_type=\"column\">\n\t\t\t<div class=\"elementor-widget-wrap elementor-element-populated\">\n\t\t\t\t\t\t<section class=\"elementor-section elementor-inner-section elementor-element elementor-element-7f6f098 elementor-section-boxed elementor-section-height-default elementor-section-height-default\" data-id=\"7f6f098\" data-element_type=\"section\">\n\t\t\t\t\t\t<div class=\"elementor-container elementor-column-gap-default\">\n\t\t\t\t\t<div class=\"elementor-column elementor-col-50 elementor-inner-column elementor-element elementor-element-7494b5d\" data-id=\"7494b5d\" data-element_type=\"column\">\n\t\t\t<div class=\"elementor-widget-wrap elementor-element-populated\">\n\t\t\t\t\t\t<div class=\"elementor-element elementor-element-3a1c3b5 elementor-widget elementor-widget-image\" data-id=\"3a1c3b5\" data-element_type=\"widget\" data-widget_type=\"image.default\">\n\t\t\t\t<div class=\"elementor-widget-container\">\n\t\t\t\t\t\t\t\t\t\t\t\t\t\t\t<img fetchpriority=\"high\" decoding=\"async\" width=\"362\" height=\"448\" src=\"http:\/\/190.168.5.116\/webdoctoradofilosofia\/wp-content\/uploads\/2022\/07\/Dr.-Jorge-Torres-1.jpg\" class=\"attachment-large size-large wp-image-780\" alt=\"\" srcset=\"http:\/\/190.168.5.116\/webdoctoradofilosofia\/wp-content\/uploads\/2022\/07\/Dr.-Jorge-Torres-1.jpg 362w, http:\/\/190.168.5.116\/webdoctoradofilosofia\/wp-content\/uploads\/2022\/07\/Dr.-Jorge-Torres-1-242x300.jpg 242w\" sizes=\"(max-width: 362px) 100vw, 362px\" \/>\t\t\t\t\t\t\t\t\t\t\t\t\t\t\t<\/div>\n\t\t\t\t<\/div>\n\t\t\t\t\t<\/div>\n\t\t<\/div>\n\t\t\t\t<div class=\"elementor-column elementor-col-50 elementor-inner-column elementor-element elementor-element-cadbbd8\" data-id=\"cadbbd8\" data-element_type=\"column\">\n\t\t\t<div class=\"elementor-widget-wrap elementor-element-populated\">\n\t\t\t\t\t\t<div class=\"elementor-element elementor-element-60d17c7 elementor-widget elementor-widget-heading\" data-id=\"60d17c7\" data-element_type=\"widget\" data-widget_type=\"heading.default\">\n\t\t\t\t<div class=\"elementor-widget-container\">\n\t\t\t\t\t<h2 class=\"elementor-heading-title elementor-size-default\">DR JORGE TORRES<\/h2>\t\t\t\t<\/div>\n\t\t\t\t<\/div>\n\t\t\t\t<div class=\"elementor-element elementor-element-b33e85d elementor-widget elementor-widget-text-editor\" data-id=\"b33e85d\" data-element_type=\"widget\" data-widget_type=\"text-editor.default\">\n\t\t\t\t<div class=\"elementor-widget-container\">\n\t\t\t\t\t\t\t\t\tLicenciado en M\u00fasica menci\u00f3n Direcci\u00f3n Coral egresado con la menci\u00f3n Summa Cum Laude, Magister y Doctor en Filosof\u00eda. Profesor de la Facultad de Arte de la ULA, Profesor de la Maestr\u00eda y del Doctorado en Filosof\u00eda de la Facultad de Humanidades y Educaci\u00f3n ULA. Autor del libro \u201cLa M\u00fasica en el Nacimiento de la Tragedia de Nietzsche: Un acercamiento a la relaci\u00f3n m\u00fasica y filosof\u00eda desde la perspectiva nietzscheana\u201d y de una cantidad importante de art\u00edculos acad\u00e9micos sobre m\u00fasica y filosof\u00eda. Sus l\u00edneas de investigaci\u00f3n comprenden: la est\u00e9tica, filosof\u00eda de la m\u00fasica, el pensamiento filos\u00f3fico de Nietzsche, historia de la m\u00fasica venezolana de los siglos XVIII y XIX, la interpretaci\u00f3n musical hist\u00f3ricamente informada, metodolog\u00eda de la investigaci\u00f3n art\u00edstica y metodolog\u00eda de la ense\u00f1anza del Jazz. Es miembro del Centro de Investigaciones Est\u00e9ticas de la Facultad de Humanidades y Educaci\u00f3n de la ULA y del Consejo Directivo del Doctorado en Filosof\u00eda. Ha desarrollado una labor ininterrumpida como Director de coros y orquesta, como guitarrista de jazz y pianista. Fue Director de la Escuela de M\u00fasica de la ULA. Actualmente es Decano encargado de la Facultad de Arte de la Universidad de los Andes. \t\t\t\t\t\t\t\t<\/div>\n\t\t\t\t<\/div>\n\t\t\t\t\t<\/div>\n\t\t<\/div>\n\t\t\t\t\t<\/div>\n\t\t<\/section>\n\t\t\t\t\t<\/div>\n\t\t<\/div>\n\t\t\t\t\t<\/div>\n\t\t<\/section>\n\t\t\t\t<\/div>\n\t\t","protected":false},"excerpt":{"rendered":"<p>DR JORGE TORRES Licenciado en M\u00fasica menci\u00f3n Direcci\u00f3n Coral egresado con la menci\u00f3n Summa Cum Laude, Magister y Doctor en Filosof\u00eda. Profesor de la Facultad de Arte de la ULA, Profesor de la Maestr\u00eda y del Doctorado en Filosof\u00eda de la Facultad de Humanidades y Educaci\u00f3n ULA. Autor del libro \u201cLa M\u00fasica en el Nacimiento &hellip;<\/p>\n<p class=\"read-more\"> <a class=\"\" href=\"http:\/\/190.168.5.116\/webdoctoradofilosofia\/dr-jorge-torres\/\"> <span class=\"screen-reader-text\">DR JORGE TORRES<\/span> Leer m\u00e1s &raquo;<\/a><\/p>\n","protected":false},"author":1,"featured_media":0,"parent":0,"menu_order":0,"comment_status":"closed","ping_status":"closed","template":"","meta":{"site-sidebar-layout":"no-sidebar","site-content-layout":"page-builder","ast-global-header-display":"","ast-main-header-display":"","ast-hfb-above-header-display":"","ast-hfb-below-header-display":"","ast-hfb-mobile-header-display":"","site-post-title":"disabled","ast-breadcrumbs-content":"","ast-featured-img":"disabled","footer-sml-layout":"","theme-transparent-header-meta":"","adv-header-id-meta":"","stick-header-meta":"","header-above-stick-meta":"","header-main-stick-meta":"","header-below-stick-meta":"","footnotes":""},"class_list":["post-848","page","type-page","status-publish","hentry"],"_links":{"self":[{"href":"http:\/\/190.168.5.116\/webdoctoradofilosofia\/wp-json\/wp\/v2\/pages\/848","targetHints":{"allow":["GET"]}}],"collection":[{"href":"http:\/\/190.168.5.116\/webdoctoradofilosofia\/wp-json\/wp\/v2\/pages"}],"about":[{"href":"http:\/\/190.168.5.116\/webdoctoradofilosofia\/wp-json\/wp\/v2\/types\/page"}],"author":[{"embeddable":true,"href":"http:\/\/190.168.5.116\/webdoctoradofilosofia\/wp-json\/wp\/v2\/users\/1"}],"replies":[{"embeddable":true,"href":"http:\/\/190.168.5.116\/webdoctoradofilosofia\/wp-json\/wp\/v2\/comments?post=848"}],"version-history":[{"count":4,"href":"http:\/\/190.168.5.116\/webdoctoradofilosofia\/wp-json\/wp\/v2\/pages\/848\/revisions"}],"predecessor-version":[{"id":852,"href":"http:\/\/190.168.5.116\/webdoctoradofilosofia\/wp-json\/wp\/v2\/pages\/848\/revisions\/852"}],"wp:attachment":[{"href":"http:\/\/190.168.5.116\/webdoctoradofilosofia\/wp-json\/wp\/v2\/media?parent=848"}],"curies":[{"name":"wp","href":"https:\/\/api.w.org\/{rel}","templated":true}]}}