{"id":937,"date":"2022-07-28T19:05:39","date_gmt":"2022-07-28T19:05:39","guid":{"rendered":"http:\/\/190.168.5.116\/webdoctoradofilosofia\/?page_id=937"},"modified":"2022-07-28T19:08:33","modified_gmt":"2022-07-28T19:08:33","slug":"dr-milagros-sanchez","status":"publish","type":"page","link":"http:\/\/190.168.5.116\/webdoctoradofilosofia\/dr-milagros-sanchez\/","title":{"rendered":"DR MILAGROS S\u00c1NCHEZ"},"content":{"rendered":"\t\t<div data-elementor-type=\"wp-page\" data-elementor-id=\"937\" class=\"elementor elementor-937\">\n\t\t\t\t\t\t<section class=\"elementor-section elementor-top-section elementor-element elementor-element-c2f3f7c elementor-section-boxed elementor-section-height-default elementor-section-height-default\" data-id=\"c2f3f7c\" data-element_type=\"section\">\n\t\t\t\t\t\t<div class=\"elementor-container elementor-column-gap-default\">\n\t\t\t\t\t<div class=\"elementor-column elementor-col-100 elementor-top-column elementor-element elementor-element-c08b5b2\" data-id=\"c08b5b2\" data-element_type=\"column\">\n\t\t\t<div class=\"elementor-widget-wrap elementor-element-populated\">\n\t\t\t\t\t\t<section class=\"elementor-section elementor-inner-section elementor-element elementor-element-7f6f098 elementor-section-boxed elementor-section-height-default elementor-section-height-default\" data-id=\"7f6f098\" data-element_type=\"section\">\n\t\t\t\t\t\t<div class=\"elementor-container elementor-column-gap-default\">\n\t\t\t\t\t<div class=\"elementor-column elementor-col-50 elementor-inner-column elementor-element elementor-element-7494b5d\" data-id=\"7494b5d\" data-element_type=\"column\">\n\t\t\t<div class=\"elementor-widget-wrap elementor-element-populated\">\n\t\t\t\t\t\t<div class=\"elementor-element elementor-element-3a1c3b5 elementor-widget elementor-widget-image\" data-id=\"3a1c3b5\" data-element_type=\"widget\" data-widget_type=\"image.default\">\n\t\t\t\t<div class=\"elementor-widget-container\">\n\t\t\t\t\t\t\t\t\t\t\t\t\t\t\t<img fetchpriority=\"high\" decoding=\"async\" width=\"362\" height=\"448\" src=\"http:\/\/190.168.5.116\/webdoctoradofilosofia\/wp-content\/uploads\/2022\/07\/Dr.-Milagros-Sanchez-C.jpg\" class=\"attachment-large size-large wp-image-800\" alt=\"\" srcset=\"http:\/\/190.168.5.116\/webdoctoradofilosofia\/wp-content\/uploads\/2022\/07\/Dr.-Milagros-Sanchez-C.jpg 362w, http:\/\/190.168.5.116\/webdoctoradofilosofia\/wp-content\/uploads\/2022\/07\/Dr.-Milagros-Sanchez-C-242x300.jpg 242w\" sizes=\"(max-width: 362px) 100vw, 362px\" \/>\t\t\t\t\t\t\t\t\t\t\t\t\t\t\t<\/div>\n\t\t\t\t<\/div>\n\t\t\t\t\t<\/div>\n\t\t<\/div>\n\t\t\t\t<div class=\"elementor-column elementor-col-50 elementor-inner-column elementor-element elementor-element-cadbbd8\" data-id=\"cadbbd8\" data-element_type=\"column\">\n\t\t\t<div class=\"elementor-widget-wrap elementor-element-populated\">\n\t\t\t\t\t\t<div class=\"elementor-element elementor-element-60d17c7 elementor-widget elementor-widget-heading\" data-id=\"60d17c7\" data-element_type=\"widget\" data-widget_type=\"heading.default\">\n\t\t\t\t<div class=\"elementor-widget-container\">\n\t\t\t\t\t<h2 class=\"elementor-heading-title elementor-size-default\">DR  MILAGROS S\u00c1NCHEZ<\/h2>\t\t\t\t<\/div>\n\t\t\t\t<\/div>\n\t\t\t\t<div class=\"elementor-element elementor-element-b33e85d elementor-widget elementor-widget-text-editor\" data-id=\"b33e85d\" data-element_type=\"widget\" data-widget_type=\"text-editor.default\">\n\t\t\t\t<div class=\"elementor-widget-container\">\n\t\t\t\t\t\t\t\t\t<p>Profesora del Departamento de Filosof\u00eda de la Facultad de Humanidades y Educaci\u00f3n (ULA). Egresada de la Universidad de los Andes \u2013 M\u00e9rida donde obtiene la licenciatura en Letras, menci\u00f3n Historia del Arte. Igualmente, el t\u00edtulo de Magister en Filosof\u00eda. En la Universidad de Santiago de Compostela (Espa\u00f1a) alcanza el t\u00edtulo de Doctor en Filosof\u00eda con la tesis \u201cEl significado des-tructurante de la Voluntad de Poder en Nietzsche. Estudio y alcance de la tesis de Gianni Vattimo.<\/p><p>Miembro del Centro de Investigaciones Est\u00e9ticas (CIE) de la Universidad de los Andes. L\u00edneas de investigaci\u00f3n: Ontolog\u00eda y Hermen\u00e9utica, Filosof\u00eda del Arte y Filosof\u00eda de las nuevas tecnolog\u00edas.\u00a0 Coordinadora de la Revista de Filosof\u00eda del Postgrado de Filosof\u00eda de la ULA.<\/p><p>Ha dictado en el doctorado de Filosof\u00eda los seminarios Nietzsche desde la perspectiva de Gianni Vattimo.\u00a0 Semestres: B-2018, A-B2019. Doctorado en Ciencias Humanas: \u201cEl Dios de Spinoza\u201d. Universidad de la Andes.<\/p><p>Participa en el Coloquio Dolor y Transfiguraci\u00f3n. Departamento de Filosof\u00eda. Ponencia: \u201cRetratos del dolor como impulso activo\u201d.<\/p><p>Ponente en los seminarios V, VI, Vll de Filosof\u00eda de la m\u00fasica con las trabajos: \u201cLa m\u00fasica en Nietzsche\u201d y \u201cAproximaci\u00f3n Ontol\u00f3gica al silencio musical.\u201d<\/p><p>Actualmente, desarrolla desde el dialogo hermen\u00e9utico entre Ortega y Gasset y Eugenio Tr\u00edas las directrices para habitar en las fronteras del Humanismo y la Tecnolog\u00eda.<\/p>\t\t\t\t\t\t\t\t<\/div>\n\t\t\t\t<\/div>\n\t\t\t\t\t<\/div>\n\t\t<\/div>\n\t\t\t\t\t<\/div>\n\t\t<\/section>\n\t\t\t\t\t<\/div>\n\t\t<\/div>\n\t\t\t\t\t<\/div>\n\t\t<\/section>\n\t\t\t\t<\/div>\n\t\t","protected":false},"excerpt":{"rendered":"<p>DR MILAGROS S\u00c1NCHEZ Profesora del Departamento de Filosof\u00eda de la Facultad de Humanidades y Educaci\u00f3n (ULA). Egresada de la Universidad de los Andes \u2013 M\u00e9rida donde obtiene la licenciatura en Letras, menci\u00f3n Historia del Arte. Igualmente, el t\u00edtulo de Magister en Filosof\u00eda. En la Universidad de Santiago de Compostela (Espa\u00f1a) alcanza el t\u00edtulo de Doctor &hellip;<\/p>\n<p class=\"read-more\"> <a class=\"\" href=\"http:\/\/190.168.5.116\/webdoctoradofilosofia\/dr-milagros-sanchez\/\"> <span class=\"screen-reader-text\">DR MILAGROS S\u00c1NCHEZ<\/span> Leer m\u00e1s &raquo;<\/a><\/p>\n","protected":false},"author":1,"featured_media":0,"parent":0,"menu_order":0,"comment_status":"closed","ping_status":"closed","template":"","meta":{"site-sidebar-layout":"no-sidebar","site-content-layout":"page-builder","ast-global-header-display":"","ast-main-header-display":"","ast-hfb-above-header-display":"","ast-hfb-below-header-display":"","ast-hfb-mobile-header-display":"","site-post-title":"disabled","ast-breadcrumbs-content":"","ast-featured-img":"disabled","footer-sml-layout":"","theme-transparent-header-meta":"","adv-header-id-meta":"","stick-header-meta":"","header-above-stick-meta":"","header-main-stick-meta":"","header-below-stick-meta":"","footnotes":""},"class_list":["post-937","page","type-page","status-publish","hentry"],"_links":{"self":[{"href":"http:\/\/190.168.5.116\/webdoctoradofilosofia\/wp-json\/wp\/v2\/pages\/937","targetHints":{"allow":["GET"]}}],"collection":[{"href":"http:\/\/190.168.5.116\/webdoctoradofilosofia\/wp-json\/wp\/v2\/pages"}],"about":[{"href":"http:\/\/190.168.5.116\/webdoctoradofilosofia\/wp-json\/wp\/v2\/types\/page"}],"author":[{"embeddable":true,"href":"http:\/\/190.168.5.116\/webdoctoradofilosofia\/wp-json\/wp\/v2\/users\/1"}],"replies":[{"embeddable":true,"href":"http:\/\/190.168.5.116\/webdoctoradofilosofia\/wp-json\/wp\/v2\/comments?post=937"}],"version-history":[{"count":4,"href":"http:\/\/190.168.5.116\/webdoctoradofilosofia\/wp-json\/wp\/v2\/pages\/937\/revisions"}],"predecessor-version":[{"id":941,"href":"http:\/\/190.168.5.116\/webdoctoradofilosofia\/wp-json\/wp\/v2\/pages\/937\/revisions\/941"}],"wp:attachment":[{"href":"http:\/\/190.168.5.116\/webdoctoradofilosofia\/wp-json\/wp\/v2\/media?parent=937"}],"curies":[{"name":"wp","href":"https:\/\/api.w.org\/{rel}","templated":true}]}}